 What are the prime factors of j?
2, 3, 457
Let w(x) = -x**3 + 10*x**2 - 8*x - 7. Let t = -10 + 19. Let n be w(t). Suppose -n*v + v = -16. List the prime factors of v.
2
Suppose u + 5*d = 878, 1105 + 611 = 2*u + 2*d. What are the prime factors of u?
853
What are the prime factors of ((2808/10)/6)/((-6)/(-315))?
3, 7, 13
Let j = -782 - -804. What are the prime factors of j?
2, 11
Suppose 0 = -5*s - 0*s + 145. Let d(f) = f**2 + 20*f - 56. Let m be d(-22). Let o = s + m. What are the prime factors of o?
17
Suppose -5*g + 3*g + 6 = 0. Suppose g - 1 = 2*n. Suppose -r = 2*v - 11, -3*v = -2*v + n. What are the prime factors of r?
13
Suppose 24*w - 61254 = 8922. What are the prime factors of w?
2, 17, 43
Let x(h) = -15*h - 3. Let z be x(-3). Let m be (4/((-8)/z))/(-1). List the prime factors of m/2*(3 + -1).
3, 7
Let l be 4/4*(5 + 1). Let i = 6 - l. Suppose i = -5*b + b + 72. List the prime factors of b.
2, 3
Let b(j) = -j**3 + 5*j**2 + 5*j + 1. Let f be b(6). Let a(g) = 0*g - 3*g - 5*g - 7 + 3*g. List the prime factors of a(f).
2, 3
Let w be (-58)/(-18) + (-2)/9. Suppose -5*t - 4*z + 45 = 0, w*z - 5*z = -2*t. Suppose 2*k + 28 = 3*d, -t*k - 19 = 6*d - 5*d. What are the prime factors of d?
2, 3
Let b(p) = p**3 + 12*p**2 + 11*p + 8. Let x be (-2)/(42/225) + 18/(-63). What are the prime factors of b(x)?
2
Let c = 17 + -10. Let x = c + -13. What are the prime factors of ((-16)/2)/(x/3)?
2
Let c(x) = -40*x + 661. List the prime factors of c(0).
661
Let u = 19 - 20. List the prime factors of (u/(-2))/((5 + -7)/(-60)).
3, 5
Let f = -205 - -847. What are the prime factors of f?
2, 3, 107
Let n(k) = -2*k**3 + k + 258. Let t = 55 - 55. List the prime factors of n(t).
2, 3, 43
Suppose -6 = -2*o + 2. Suppose -q - o*q + 540 = 0. List the prime factors of q/16 + 2/8.
7
List the prime factors of (-4738)/(-14) + 15/525*-15.
2, 13
Suppose -7*w = -10*w + 756. Let m = w + -59. What are the prime factors of m?
193
Let c = 1706 + -1050. List the prime factors of c.
2, 41
Let p(m) = -m**2 + 9*m - 1. Let h be p(-4). Let b = -22 - h. What are the prime factors of b?
31
Let x be -4 - 4*(-4 - -2). Suppose -2*s + s + 91 = 2*u, -x*s = 3*u - 129. List the prime factors of u.
47
Suppose -150 = -2*a - 5*u, 4*a - 3*u + 4*u = 318. Suppose 0 = 2*d + 62 - a. List the prime factors of d.
3
Suppose -1001 = -47*c - 14. What are the prime factors of c?
3, 7
Let h(s) = -3*s**3 + 5*s**2 + 3*s - 2. What are the prime factors of h(-2)?
2, 3
Suppose 2415 = 5*u - 4*i, 8*u = 11*u - 2*i - 1451. List the prime factors of u.
487
Suppose -17 + 13 = -2*u. Suppose -u*n + 4 = 0, -3*s + 339 - 5 = -n. List the prime factors of s.
2, 7
Let s = 386 + -63. List the prime factors of s.
17, 19
Let m(d) = 193*d + 339. List the prime factors of m(7).
2, 5, 13
Let s = 10 - 17. Let k(x) = x**3 + 6*x**2 - 7*x + 2. Let n be k(s). List the prime factors of n - (-3 - (2 - 3)).
2
Let i be (45 - 0)*(2 - 1). Suppose 0 = 3*r + 2*r - i. List the prime factors of 1*9/(r/10).
2, 5
Let u(q) = 23*q + 77. Let b be ((-21)/4)/(54/(-72)). List the prime factors of u(b).
2, 7, 17
Suppose -5*d + 4437 = z, -d = 5*z + 413 - 1286. List the prime factors of d.
2, 3, 37
Suppose 7386 = -18*l + 22*l - 2*c, -1824 = -l - 4*c. List the prime factors of l.
2, 461
Suppose -882 = -4*s + 110. What are the prime factors of s?
2, 31
Let a(f) = -4*f**3 + 17*f**2 + 153*f + 18. What are the prime factors of a(-8)?
2, 5, 193
Let j = 81 + -48. Suppose 0 = 3*f - 195 + j. What are the prime factors of f?
2, 3
Let u be 124/3 - (-6)/9. Suppose -332 + u = -5*j. List the prime factors of j.
2, 29
Suppose 2*m = m - 2. Let q(j) be the second derivative of -j**5/20 - j**4/12 - j**3/2 - j**2 - 2*j. List the prime factors of q(m).
2
Let t(x) = -x - 13. Let f be t(-15). Let d be (f/4 - 3)*-2. Suppose d*i + 0*i - 255 = 0. List the prime factors of i.
3, 17
Suppose -d = -p + 3 - 15, 20 = 2*d - p. Suppose w = -0*w + d. List the prime factors of w.
2
Suppose -q = 2, -3*t - 3*q - 1458 = -4080. Suppose 4*b + 4*a = 840, 0*b + 4*b - 5*a = t. List the prime factors of b.
2, 107
Suppose 4*n + 9 = -n - 3*d, 5*d + 15 = 4*n. Suppose -5*l - 3 + 136 = i, -2*i + 3*l + 214 = n. What are the prime factors of i?
113
Let a(u) = 855*u - 6. What are the prime factors of a(1)?
3, 283
Let c(l) = -l**2 - 6*l + 17. Let k be c(-8). Let m be (0 - k) + (-306)/17. Let u = 50 + m. List the prime factors of u.
31
Let w(s) = -10*s**2 + 7*s - 1. Let m be w(5). What are the prime factors of (m/42)/((-2)/14)?
2, 3
Let h = -755 - -1052. List the prime factors of h.
3, 11
Let s = 8 - 6. Suppose -3*k - 2 = s*t - 5, 9 = -k - 4*t. Let j(f) = 4*f + 5. List the prime factors of j(k).
17
Let c(s) be the first derivative of s**3/3 - 7*s**2/2 + 25*s + 11. What are the prime factors of c(10)?
5, 11
Let l(z) = -z**2 + 22*z - 13. List the prime factors of l(10).
107
Let p = -15 - -82. Let l = -22 + p. List the prime factors of l.
3, 5
List the prime factors of ((-1)/1*278)/(-2).
139
Suppose -7*w + 708 = -1028. List the prime factors of w.
2, 31
Let q = 6683 - 4656. List the prime factors of q.
2027
Let s be (-3249)/95 + 1/5. Let i = 51 - s. List the prime factors of i.
5, 17
List the prime factors of (10 - (6 + 0)) + 3*943.
2833
Let j(s) = 301*s**3 + 1. Let y be j(1). Let r = -148 + y. List the prime factors of r.
2, 7, 11
Suppose -4007 = -4*i + 3*h, 0 = -i - 5*h + 583 + 436. What are the prime factors of i?
2, 251
Let d = -108 + 250. Let f = d - 83. List the prime factors of f.
59
Let v be (6/12)/((-2)/84). Let h = v + 34. Let s = 2 + h. List the prime factors of s.
3, 5
Let a(o) = -o**2 - 10*o - 13. Let c be a(-6). Suppose 349 - 1262 = -c*u. List the prime factors of u.
83
Let q = 10 - 6. Let g(m) = -m**3 - 7*m**2 - 2*m - 4. Let k(l) = -3*l**3 - 15*l**2 - 4*l - 9. Let h(p) = q*k(p) - 9*g(p). What are the prime factors of h(-2)?
2
Let o(k) = k + 11. Let g be o(-8). Suppose -2*f = h - 77, g*h - 413 = -2*h - 3*f. What are the prime factors of h?
5, 17
Suppose 5*o = 5*a - 15, -3*a + 2*o - 1 = -3*o. List the prime factors of 12/a*-1*-34.
3, 17
Let o(p) = -p**2 + p + 355. List the prime factors of o(0).
5, 71
Let g(d) be the first derivative of -d**4/4 - 7*d**3/3 + 3*d + 2. Let y be g(-7). Suppose -86 = -y*r + 2*m + 3*m, -5*m = 20. What are the prime factors of r?
2, 11
Let i = -3 + 11. Let s(l) = 9*l + 5 + i*l - 1 - 4*l. What are the prime factors of s(2)?
2, 3, 5
Let x = 11591 - 5620. List the prime factors of x.
7, 853
Suppose -2*u + 2 = 0, 0 = 4*j + 5*u - 9*u - 856. What are the prime factors of j?
5, 43
Suppose 47*g + 154210 = 117*g. List the prime factors of g.
2203
Let p(g) = 116*g - 39. What are the prime factors of p(7)?
773
Suppose -10*u + 159 = -11. Suppose 3*b - 19 = -2*n, -3*n - u = -5*n - 5*b. What are the prime factors of n?
11
Suppose -17*q + 1134 = -12211. List the prime factors of q.
5, 157
Let k be (-4)/(-26) - 14/91 - 7. What are the prime factors of (-2)/k + -3 + 3774/21?
3, 59
Suppose -8*a + 12 = 92. List the prime factors of (194/4)/(a/(-20)).
97
Let f(a) = -7*a - 3. Let g be f(-2). Let h(n) = 7*n - 12. Let c(s) = 8*s - 11. Let k(d) = -3*c(d) + 4*h(d). List the prime factors of k(g).
29
Suppose 2120 = 18*b - 13*b. List the prime factors of b.
2, 53
What are the prime factors of (-3)/2*2 - -375?
2, 3, 31
Suppose 5*z + 10 = 0, 4*v + 5*z + 2 = -0. Suppose 0*w = -3*w - 5*t + 16, 10 = 3*w + v*t. Suppose -30 - 24 = -w*i. What are the prime factors of i?
3
Let r = -22 - -23. Let p be (-3 - -4)/(r/145). Let m = p + -96. List the prime factors of m.
7
Let m(h) = h**3 - 10*h**2 + 10*h - 2. Let p be m(9). Let b be p/(-2)*(-1 - 5). Suppose 2*d - 3 - b = 0. What are the prime factors of d?
2, 3
Let d(m) = m**3 - 5 - 5*m + m + 2*m**2 - 10*m**2. Let n be d(7). List the prime factors of (1 - (-6)/(-4))*n.
41
Let m(g) = 7*g - 10. Let l be m(2). What are the prime factors of l/12 + (-2283)/(-9)?
2, 127
Suppose -3*f - 9 + 37 = -4*j, 0 = -5*j - 5*f - 35. Let y be (24/20)/((-2)/5) + 15. Let h = y + j. What are the prime factors of h?
5
What are the prime factors of ((-30)/8)/(66/(-9416))?
5, 107
Let l be 6 - (2 + -21)*13. Let b(g) = g - 4. Let j be b(4). Suppose j*f + 2*f + l = 5*h, 0 = h + 3*f - 54. What are the prime factors of h?
3, 17
Suppose -5*p = -4*h - 331, -5*p = -h - 159 - 175. Let d = p - 1. What ar